 - 39. Suppose 0 = 5*d - 14 - 21. Let p(v) = 3*v**2 + 4*v - 3. Let u(b) = 10*b**2 + 12*b - 10. Let x(t) = d*p(t) - 2*u(t). Determine x(i).
-4
Suppose 3*h = h - m - 4, 2*h - 20 = 5*m. Let l(i) = -i**2 - 20*i + 2. Let p be l(-20). Let c(d) = -d**2 + 50*d**3 - p - 107*d**3 - d + 56*d**3. What is c(h)?
-2
Let u(m) = -m**2 - 8*m + 6*m - m + 4. Suppose 5*w + 0*w - 40 = 0. Suppose 4*o + 12 = -w. Calculate u(o).
-6
Let z(u) = 192*u - u**2 - 1 - 407*u + 214*u. What is z(-1)?
-1
Let z(o) be the first derivative of -7*o**5/60 + o**4/24 + o**3/6 - 17*o**2/2 - 12. Let n(k) be the second derivative of z(k). Determine n(-1).
-7
Let l = 0 + -1. Let b(z) be the second derivative of z**6/90 - z**5/120 - z**4/24 + 5*z**3/2 - 9*z. Let x(m) be the second derivative of b(m). What is x(l)?
4
Let b(i) be the first derivative of -i - 13 - 1/3*i**3 - 1/2*i**2. What is b(0)?
-1
Let s = 24 - 20. Suppose 3*y = y + s. Let a(m) = m**y - 16 + 2*m + 3*m + 10. Give a(-6).
0
Suppose -m - 7 = 3*y + m, -4*y + 5*m - 17 = 0. Suppose 3*l - 57 = -3*h, 0 = -l - 0*h - 2*h + 21. Let r(q) = 0*q + l - 21 - 2*q. Calculate r(y).
2
Let j(v) = 8*v**2 + 7*v + 2. Let t(y) = 3*y**2 + y - 1. Let a(o) = -j(o) + 3*t(o). Let u = -8 + 14. Determine a(u).
7
Let c(o) = 0*o + 0*o - 15 + 2808*o**3 - 2*o**2 - 2809*o**3. Give c(0).
-15
Let r(k) = -15*k + 423. Let n be r(28). Let y(o) = -3*o**2 - 4*o + 4. Give y(n).
-35
Let n(c) = -c**3 - 6*c**2 + c + 8. Let u(s) = s**2 - 14*s + 10. Let m be u(14). Suppose m = 7*b - 2*b. Let a = -8 + b. Calculate n(a).
2
Let j(u) = 13*u + u**2 - 13*u + 13*u. Give j(-12).
-12
Suppose x = -3*u - 10, 2 = -2*u + 3*x - 1. Let k(s) = -s**3 - 3*s**2 - 2*s + 3. Let o be k(u). Let v(b) = b**2 - 9*b - 8. Give v(o).
-8
Let h(k) = -k + 1. Let o(w) = 6*w - 9. Let f(n) = -20*h(n) - 4*o(n). Let q(z) = -z + 5. Let c(i) = 2*f(i) - 7*q(i). Determine c(-4).
1
Let d(c) be the third derivative of -3*c**4/4 - c**3/6 - 7*c**2. Let p(z) = z**2 + 7*z - 1. Let u be p(-7). Give d(u).
17
Let a(v) be the third derivative of 3/20*v**5 + 0 - 2/3*v**3 + 0*v + 1/120*v**6 - 28*v**2 + 1/4*v**4. Give a(-8).
12
Let b = 60 + -123. Let i = b - -33. Let k be -3*35/i*2. Let r(d) = -d**2 + 5*d + 6. Determine r(k).
-8
Suppose -10 - 2 = 4*c. Let y(r) = -4. Let j(d) = 1. Let i(g) = 24*j(g) + 5*y(g). Let l(u) = u + 9. Let h(q) = -5*i(q) + 2*l(q). Give h(c).
-8
Let u(f) be the first derivative of -3*f**2 + 5*f + 1/3*f**3 - 35. What is u(5)?
0
Let p be ((-16)/10)/(18/(-45)). Let u(t) = 6 + 1 - p*t - 5. Calculate u(3).
-10
Let u(y) = 5*y - 5. Let v(p) = 14*p - 15. Let h = 80 + -74. Let z(k) = h*v(k) - 17*u(k). Determine z(-5).
0
Suppose -8 = 13*c + 44. Let g(a) = -a**3 - 4*a**2 - 6*a - 3. Determine g(c).
21
Suppose 5*a - 25 - 80 = 0. Let p = a + -20. Let y(g) = p + 1 - g + 4*g + g. Determine y(-2).
-6
Let k(r) = -r**2 - 9*r - 8. Let z be -6 - (-5 - -3 - -2). Let v = 26 + z. Let s = v + -26. What is k(s)?
10
Let k = -65 - -60. Let w(t) = 7*t**3 + 8*t**2 - 12*t + 5. Let r(i) = 10*i**3 + 12*i**2 - 18*i + 7. Let d(c) = -5*r(c) + 7*w(c). Determine d(k).
-5
Let n(d) = 15*d - 9*d + 4 - 26*d - 3. Give n(1).
-19
Let h(v) = v**3 + 3*v**2 - 7*v + 6. Suppose 48*m + 35 = 41*m. What is h(m)?
-9
Let c(y) = -y**2 + 9*y - 10. Suppose -31 = -5*d + 3*b, 3*d = 2*d + b + 5. Give c(d).
-2
Let o = 237 - 238. Let h(f) = -2*f. Determine h(o).
2
Let z(r) be the third derivative of -7*r**6/120 + r**4/12 - r**3/6 + 2*r**2. Let u = 42 + -30. Suppose 2*i = -4*t + 10, u = 5*i - 3. Determine z(t).
-6
Let q(p) = -p**3 + 7*p**2 + 9*p + 1. Let h(j) = -3*j**3 + 19*j**2 + 27*j + 4. Let v(d) = 6*h(d) - 17*q(d). Determine v(-7).
42
Let y(n) = -n + 7. Let a(x) = -24*x - 96. Let h be a(-4). Calculate y(h).
7
Let v(h) be the first derivative of 7 + 1/2*h**2 + 0*h. Calculate v(3).
3
Let k(l) = -l + 2. Let h be 2 + 1/(2 + -1). Calculate k(h).
-1
Let o(u) = 3*u**2 - 12*u + 17. Let z(g) = -g**2 + 4*g - 6. Let w(y) = -6*o(y) - 17*z(y). Let p be 13/((-845)/39) + (-56)/(-10). What is w(p)?
-5
Let x be (-23 + 11)*6*(-8)/(-72). Let a(v) be the third derivative of v**4/24 + 3*v**3 - v**2. Determine a(x).
10
Let c(w) = 2*w**2 - 21*w + 23. Let m(d) = -d**2 + 10*d - 11. Let p(y) = 3*c(y) + 5*m(y). What is p(12)?
2
Let y(b) = 2*b**3 - 37*b**2 + 16*b + 37. Let s be y(18). Let r(q) = 2*q**3 - q**2 + 1. Give r(s).
2
Let g(b) = b**3 - 2*b**2 + 2*b - 2. Suppose 5*r - 28 = -2*d, -4*r = 3*d - 35 + 7. Calculate g(r).
38
Let c(q) = 9*q + 7. Let b = 11 + -9. Let y(v) = 6*v + 4 - b*v + 2*v - v. Let j(f) = -4*c(f) + 7*y(f). Determine j(-5).
5
Let a(t) = -3*t**2 + 2*t + 1. Let s = 40 - 31. Let k(j) = -6*j**2 + 5*j + 2. Let h(b) = s*a(b) - 4*k(b). Calculate h(1).
-4
Let v(i) be the third derivative of -7*i**4/8 - i**3/3 - 28*i**2 + 1. Calculate v(1).
-23
Let d(a) be the first derivative of -7*a**2/2 + a - 6. What is d(1)?
-6
Let p = -18 - -24. Let c(y) be the third derivative of -y**4/12 + 5*y**3/6 - 9*y**2. Calculate c(p).
-7
Let x(a) = a**2 - 3. Suppose -2*y - 3*y + 4*z + 192 = 0, -2 = -z. Let r be (-54)/45*y/12. Give x(r).
13
Let v be (-6)/12*-10*98/10. Let l = -57 + v. Let s(h) = -h - 7. What is s(l)?
1
Let x(c) = -c. Let y be (1 + 1)*(-6 - -7). Let k(z) = -7 - y + z - 1. Let g(v) = k(v) + 2*x(v). What is g(-5)?
-5
Let r(j) = -4 + j**2 + 9*j + 5 - 2*j. Let g be 9 - 102/(24/4). What is r(g)?
9
Suppose 0 = 4*n + 20, 3*l - 7*n = -3*n + 20. Let j be (-1 + l)/(3 + -4). Let x(k) = j + k**2 + 2*k - 2 + k**2. Calculate x(1).
3
Let r(q) = -8*q**3 - 2*q**2 + 1. Let v(t) = 4*t - 17. Let p be v(8). Let a(m) = 3*m - 46. Let j be a(p). Calculate r(j).
7
Let z = 561 + -558. Suppose 3*g + 9 = 3*i, 19 = -i + 5*i + 3*g. Let u(j) = -j + 2 - i*j + 3*j - j**2 + z*j. Determine u(2).
0
Let y(l) = -4*l + 2. Suppose 5*s - 2*b - 30 = 9*s, -5*b = 2*s + 19. Calculate y(s).
30
Let i(u) = -u**3 - 12*u**2 + u + 6. Let r be ((-12)/16)/(5/80). Let f be i(r). Let b(d) = -3*d - 2. Give b(f).
16
Let d(f) be the second derivative of 5*f**4/6 - f**2/2 + 5*f - 13. Give d(-1).
9
Let z(k) = -4*k**2 + k + k - 26 + 25 + k**3. Give z(2).
-5
Let z(b) be the third derivative of b**4/12 - 5*b**3/6 + b**2 - 83*b. Calculate z(6).
7
Let m(y) = y - 1. Let w(g) = -9*g - 35. Let d be w(-5). Give m(d).
9
Let s(r) = r**3 + 8*r**2 + 13*r + 6. Let j be s(-6). Let z(i) = -1029*i + 1030*i + j + 10*i**2 + 1. Let y(t) = -t + 2. Let b be y(3). Give z(b).
10
Let z(x) = 1 + 4*x - 31*x**2 + 7*x**2 + 25*x**2. Calculate z(3).
22
Suppose 12 = 4*k - p, 5*k + 34 = -3*p + 66. Let o(a) = a + 3. Determine o(k).
7
Let c = 17 - 13. Let v(w) = -w + 12 - c - 8 - 6. Calculate v(-6).
0
Let g be (-2 + 1 + 2)*3. Let k(d) = 6*d**3 + 3 - 2 - 3*d - 8*d**2 - 2*d + 5*d**3. Let m(c) = 5*c**3 - 4*c**2 - 2*c. Let z(x) = -4*k(x) + 9*m(x). Determine z(g).
-7
Let v(o) = 2*o. Suppose 0 = 40*w - 39*w + 3. Determine v(w).
-6
Suppose 0 = 3*k - k + 4*w + 14, -4*k + 5*w = -37. Let j be k + (3 - ((-6)/2 - -3)). Let m(u) = u**3 - 5*u**2 - 5*u + 8. Determine m(j).
14
Let o(h) = 9 - 2*h**3 + 3*h**3 - 5*h**2 - 91*h + 83*h. Give o(6).
-3
Let a(h) be the first derivative of h**4/4 + 11*h**3/3 + h**2/2 + 2*h + 16. Give a(-11).
-9
Let n(h) = 6*h**3 + 2*h**2 + 3*h. Suppose -10 = 124*x - 122*x. Let i(c) = 11*c**3 + 3*c**2 + 5*c. Let b(v) = x*n(v) + 3*i(v). What is b(-1)?
-4
Let t be (2 - -1)*-2*(-2)/4. Let a(q) be the second derivative of -1/2*q**4 - 2*q**2 - 5/6*q**t - 1/20*q**5 + 0 - 5*q. What is a(-5)?
-4
Let j(a) = 4*a - 1. Let g(f) be the third derivative of f**4/24 - 3*f**3/2 + 6*f**2. Let x be g(8). Calculate j(x).
-5
Let a(h) be the third derivative of -h**6/120 + h**5/30 + h**4/6 - 2*h**3/3 - 26*h**2. Let n be (5/(-10))/(1/10). Let f = n + 8. Give a(f).
-1
Let r(k) = k**2 + 8*k. Let g be r(-7). Let f(z) be the first derivative of z**4/4 + 8*z**3/3 + 9*z**2/2 - 14. Give f(g).
-14
Let o(v) be the first derivative of -v**4/4 - 4*v**3/3 - v**2 - 2*v + 31. Let b(n) be the second derivative of -n**3/6 + 2*n**2 + 2*n. Let k be b(7). Give o(k).
-5
Let i(b) = -4*b - 141. Let m be i(0). Let j = m + 136. Let n(g) = 0*g + 2*g + 0 - 1. Determine n(j).
-11
Suppose 13*f - 17 = 10*f + 5*q, -3*q - 16 = 4*f. Let b(s) = -2 - 3 + 4. Let k(r) = 14*r + 6. Let l(j) = -5*b(j) - k(j). Calculate l(f).
13
Let h(p) = 2*p**2 + 99*p - 193*p + 97*p. Let i(d) = -d**2 - 11*d - 2. Let j be i(-11). What is h(j)?
2